9
Let q(s) = -s - 3. Let c be q(0). Let d = 6 + -13. Let f = c - d. What are the prime factors of f?
2
Let g(v) = 2*v**2 - 4*v - 3. What are the prime factors of g(-2)?
13
Let q(b) = 7*b**2 + 7*b - 7. What are the prime factors of q(-5)?
7, 19
Let p be 5/(-2)*(-12)/10. Let u = p - -4. What are the prime factors of u?
7
Let s = 77 - 10. Let r = -44 + s. List the prime factors of r.
23
Suppose -v = -1 - 4, 2*i - 17 = v. Let c = 11 + i. List the prime factors of c.
2, 11
List the prime factors of 1390/45 + (-1)/(-9).
31
Let x(l) = -l**2 - 9*l + 10. Suppose 0*a - 3*a = 2*b + 7, b - 2*a + 14 = 0. What are the prime factors of x(b)?
2, 3
Suppose -96 - 108 = -4*m. Let b = -13 + m. List the prime factors of b.
2, 19
Suppose 0 = 2*k + 4*q - q + 8, -3*k - 42 = -3*q. Let x = -5 - k. List the prime factors of x.
5
Let n(t) = -7*t**2 - 3*t + 4. Let a be n(-3). Let v = -27 - a. Let x = v + -1. What are the prime factors of x?
2, 11
Let t be 50*(9/6)/3. Suppose 0*c - c + t = -4*b, -3*c - 4*b = -11. What are the prime factors of c?
3
Let a be ((-3)/6 - 0)*-2. Let v = 2 + a. Suppose 5*s - m + v*m = 42, -s + 26 = -4*m. What are the prime factors of s?
2, 5
Suppose z = -7 + 38. What are the prime factors of z?
31
Suppose 23*m - 22*m = 282. What are the prime factors of m?
2, 3, 47
Suppose 0 = 4*a + 2*a - 72. What are the prime factors of a?
2, 3
What are the prime factors of (-12)/8*((-520)/3 + -2)?
263
Let z(v) = v**3 + 11*v**2 + 5*v - 9. List the prime factors of z(-10).
41
Suppose -3 = -0*x - 3*x. Suppose -5*l - 2 = b, -3 = -3*b - l + 5. Let h = b - x. List the prime factors of h.
2
Let l = 2 + 0. Suppose -l*b + 5*w + 91 = b, 4*b - 2*w - 98 = 0. List the prime factors of b.
2, 11
Let q(c) = c**3 - 10*c**2 + 9*c + 6. Let s be q(9). Suppose l - 4*l + s = 0. Suppose l*j + 2*d - 44 = 0, 128 = 4*j + j - 4*d. What are the prime factors of j?
2, 3
Suppose -4 = -0*i - 2*i. Let d(x) = -6 + x - 2*x - 4*x**i - x**3 - 2*x. What are the prime factors of d(-4)?
2, 3
Suppose -4*a - 22 = 2. Let m = 25 - 45. What are the prime factors of m/(-6) + a/(-9)?
2
Let v be ((-12)/18)/((-4)/(-18)). What are the prime factors of 48/9 + v/9?
5
Let q be 4*(2 + 3/(-6)). What are the prime factors of q/(-2) - -6 - -19?
2, 11
List the prime factors of 10/(-15) + 96/9.
2, 5
Suppose 2*k + 4*y - 164 = 0, -3*y + 236 = 3*k - 2*y. List the prime factors of k.
2, 3, 13
Let u(r) = r**2 + 4*r + 3. Let k be u(-4). Let i be 2*k/(-6) - -29. Let c = -20 + i. List the prime factors of c.
2
Let c(h) be the second derivative of -1/6*h**3 + 3*h**2 + 0 - h. What are the prime factors of c(-6)?
2, 3
Let z(d) = 13*d + 3. What are the prime factors of z(12)?
3, 53
Let x(a) = -a**3 + a. Let r be x(2). Let f = r - -22. What are the prime factors of f?
2
Suppose -2*r + 113 = 5*u - 3*r, u = 3*r + 31. What are the prime factors of u?
2, 11
List the prime factors of (-40)/(-10) + (1 - -48).
53
Suppose -18 = -5*g - 3, -3*u + 4*g = 6. Suppose 0 = -u*p + 4*p - 4. What are the prime factors of p?
2
Let w = 13 + -8. Suppose -2*x - 2 = -5*x + 4*g, 2*g = -w*x + 12. List the prime factors of (-7)/2*x*-1.
7
Let q be 21/(-2)*2/(-3). Let x(y) = y**3 - 7*y**2. Let z be x(q). Suppose -2*o + z = -26. What are the prime factors of o?
13
Suppose t + 2*i = -4*t + 112, -5*t + 4*i = -106. Let s = t - 15. List the prime factors of s.
7
Let q = 3 + -5. Let v be 0 - (-3 - -121)/q. Let x = v - 40. What are the prime factors of x?
19
Let s = 5 + -5. Suppose 3*n - 87 = -s*m - 3*m, 0 = -m - 5*n + 37. List the prime factors of m.
3
Let f = -43 + 21. Let t be (3/9)/(2/186). Let j = f + t. What are the prime factors of j?
3
Suppose -3*c + c - m + 17 = 0, 18 = 2*c + 2*m. What are the prime factors of c?
2
What are the prime factors of ((-2)/(-5))/(1/20)?
2
Let u(g) be the second derivative of g**5/20 - g**4/2 - 2*g**3/3 - 9*g**2/2 - 3*g. List the prime factors of u(7).
2, 3
Let l(r) = r**3 - 4*r**2 + 4*r - 4. Let u be l(4). Suppose 2 = -2*y + u. List the prime factors of y/((-10)/(-4))*2.
2
Let o = 5 + -6. Let d = 6 - o. Let t = d - -1. List the prime factors of t.
2
List the prime factors of (3 + 0)/(1/13).
3, 13
Let u(g) = g**2 + g + 2. What are the prime factors of u(-6)?
2
Suppose -p + 7 = -0. Let r(b) = 3*b**2 + 2*b**2 - b**3 + 2*b**2 + 6 + b. What are the prime factors of r(p)?
13
Let u = 272 + -94. What are the prime factors of u?
2, 89
Suppose 43 - 7 = 3*q. Suppose -5*r + q = -43. List the prime factors of r.
11
Let p(t) = t**2 + 3*t - 2. Let v be p(4). Suppose 0 = 5*c - 4*f - 34, 4*c + c + 4*f - v = 0. List the prime factors of c.
2, 3
Let j(w) = w**2 - 10*w + 4. Let g be j(10). Suppose -2*x + 0*x = -16. Suppose -g*i = -x*i + 52. What are the prime factors of i?
13
Let u(v) = 5*v**2 - 2*v + 6. Let f be u(4). Suppose -3*k = -0*k + 2*k. Suppose 2*p = -4*a + 68, k = 8*a - 3*a - p - f. What are the prime factors of a?
2
Let b be 3/((-2)/(-8)*2). Let h = b + -6. Suppose h = 4*d - d - 42. What are the prime factors of d?
2, 7
Let x(p) = -23*p. List the prime factors of x(-3).
3, 23
Suppose -288 = -3*a + 234. What are the prime factors of a?
2, 3, 29
Let z = -13 - -19. Let w(v) = 21*v**2. Let a be w(-1). What are the prime factors of 36/a*21/z?
2, 3
Suppose 19 - 7 = 4*x. Suppose 15 = x*o - 2*o + 5*g, -5*g = -o + 5. What are the prime factors of o?
2, 5
Suppose 8 = 4*n - 0*n. Suppose 3*o + 31 = 4*t, -2*t = t - n*o - 22. Suppose 0*z + 32 = t*z. What are the prime factors of z?
2
Suppose -2*l + 3 + 9 = 0. Let g(d) = 4*d - 6. What are the prime factors of g(l)?
2, 3
Let t(y) = 2*y**2 - 6*y + 4. Suppose -u - u = -8. Suppose 0*o - o + u = 0. List the prime factors of t(o).
2, 3
Let y = -263 - -371. What are the prime factors of y?
2, 3
Let p(h) = h**3 + 11*h**2 - 9*h - 15. What are the prime factors of p(-10)?
5, 7
Let o = 113 + -91. What are the prime factors of o?
2, 11
Let t = -31 + 45. What are the prime factors of t?
2, 7
Suppose a + 3*b = 26, -4*b - b = -3*a + 64. Suppose m - 4*m + 2*v = 44, 17 = -m + 3*v. Let w = a + m. What are the prime factors of w?
3
Let l(x) = x**2 + 6*x + 8. Let v be l(-5). Let o = 113 + -77. Suppose v*n + n - 3*k - o = 0, 8 = n - k. What are the prime factors of n?
2, 3
Let f be 12/4 + (-1)/1. Let u be (f - 24) + (-1 - -1). Let o = -4 - u. What are the prime factors of o?
2, 3
List the prime factors of (-3)/(-2) - 7/(-3 + -11).
2
Let q be 46/10 + (-2)/(-5). Suppose q*h - 4*h + 2*l = 11, 41 = h - 4*l. Suppose 3 = 3*c - h. What are the prime factors of c?
2
Let v(c) = -7*c. Let l = 11 + -14. What are the prime factors of v(l)?
3, 7
Let z be (-76)/(-16) + 2/8. Suppose z = -2*a + 21. List the prime factors of a.
2
Suppose -177 = 5*d - 1137. List the prime factors of d.
2, 3
Let n(p) be the second derivative of -2*p + 0 - 2*p**2 + 1/6*p**3. What are the prime factors of n(7)?
3
Suppose -3*v - 5*i = -181, i = -0*v + v - 47. List the prime factors of v.
2, 13
Let l = 4 + -5. Let k = l + 4. Suppose -k*n + 24 = n. List the prime factors of n.
2, 3
Let f(n) = n**3 - 10*n**2 - 6*n + 6. List the prime factors of f(11).
61
Let f(q) = -15*q - 6. Let s be 6/(-2) - (-6)/6. What are the prime factors of f(s)?
2, 3
Let m = -119 - -151. What are the prime factors of m?
2
What are the prime factors of 2 - ((-564)/5 - (-1)/(-5))?
5, 23
Let y = 4 + -2. Suppose s + y*d + 5 = 0, -2*s + 4 + 1 = d. What are the prime factors of s?
5
Let u be -3 + 1 + 24/12. Suppose -v = -f + 2, 3*f + v - 3*v - 11 = u. What are the prime factors of f?
7
Let t(o) be the second derivative of -o**5/20 + 7*o**4/12 - 7*o**2/2 + 3*o. Let f be t(7). Let k(d) = -d**2 - 8*d + 9. List the prime factors of k(f).
2
Let x(v) = 27*v**2 + 2*v - 1. Suppose -2*z + 2*w + 2 = 0, 5*z - 5 = -0*w + 3*w. Let g be x(z). What are the prime factors of ((-105)/g)/(2/(-8))?
3, 5
Let b(n) = n + 10. Let v be b(-5). Suppose 0 = -0*z + v*z + 365. Let r = -51 - z. List the prime factors of r.
2, 11
Suppose 20 = y - 3*q, -q - 75 = -2*y - 2*q. Suppose -6 = -p + y. List the prime factors of p.
41
Let l be ((-6)/10)/(3/(-15)). Suppose 4*c = -c - 3*k + 35, -l*c - k = -17. List the prime factors of c.
2
Suppose -l = 2*l - 204. Suppose l - 2 = 3*j. What are the prime factors of j?
2, 11
Let d(g) = -19*g - 7. Let x be d(-1). Let p be 1 + (0 - 0) - -2. Suppose 2*c = p*s - 46, 0*c = s + c - x. List t